*s - 10. Let n be g(-6). What is the greatest common divisor of 152 and n?
8
Let a(q) = -q + 20. Let z be a(7). Let l be z + -4 + -4 + 0. What is the highest common factor of 25 and l?
5
Let r be (-85)/2 - 2/(-4). Let q = -57 + 141. Let z = q + r. What is the greatest common divisor of 28 and z?
14
Suppose -2 = -5*i + 13. Let y = 15 - 12. Calculate the greatest common factor of y and i.
3
Let s(x) = x**2 + 6*x + 8. Let c(d) = -d - 6. Let i be c(-8). Let a be (27/(-6) - 0)*i. Let g be s(a). What is the greatest common factor of 14 and g?
7
Suppose d - 2*k = 3*d - 16, 4*k = -3*d + 29. Suppose -2*t = t - 9. Calculate the greatest common divisor of d and t.
3
Suppose 2*g + 73 = 5*i + 419, 506 = 3*g - i. Let n(b) = -2*b. Let w be n(-4). Let v = w + 13. Calculate the greatest common divisor of v and g.
21
Let k be 1*1*(2 - -1). Suppose -23 = -5*t - k. Calculate the greatest common divisor of 44 and t.
4
Let k be -8*(7 + 1 + -2). Let t be -1 + (k/(-3))/2. Let c be 1/(-5) + (-2106)/(-30). What is the greatest common factor of t and c?
7
Let r be -4*(2 - 1)/(-2). Suppose -2 = -r*s + 32. Calculate the greatest common factor of 85 and s.
17
Let y = 7 + 1. Suppose -y = -3*i + 31. Suppose 3*f = 8*f - 65. What is the greatest common factor of f and i?
13
Let f be 122/8 - 8/32. What is the highest common divisor of f and 3?
3
Let q(v) = 6*v - 36. Let a be q(7). What is the greatest common factor of a and 30?
6
Let t be 0/1*(3 - 4). Suppose -252 = -2*c - t*c. Let m(n) = -6*n + 2. Let u be m(-2). Calculate the greatest common divisor of c and u.
14
Let v = -1 - 8. Let a(c) = c**3 + 5*c**2 + 3*c - 8. Let k be a(-4). Let q = k - v. What is the greatest common divisor of 2 and q?
1
Suppose 19 = -4*d + 3. Let r = 1 - d. Suppose -14 = -r*p + 6. What is the greatest common divisor of p and 16?
4
Suppose -5*w + 4*w + 22 = 0. Let n = w - 12. What is the greatest common factor of 15 and n?
5
Let b = 16 + -5. Let p = 13 - b. Calculate the greatest common factor of p and 6.
2
Let z(o) be the second derivative of -o**3/2 - 3*o**2/2 + 4*o. Let t be z(-4). What is the highest common divisor of 9 and t?
9
Let q = -78 + 150. Let g = 8 + -3. Suppose 36 = 3*t + 4*r, g*t - 3 - 31 = 2*r. Calculate the highest common factor of t and q.
8
Let i(a) = a + 3. Let h be i(0). Suppose 672 = 4*o + 4*v, v + 128 = 3*o - 356. Suppose 571 = h*k + o. What is the highest common factor of 17 and k?
17
Suppose -8 = -3*i + 10. Suppose -4*s - 3*h + 23 = s, 3*s - 5*h - 7 = 0. Calculate the highest common divisor of i and s.
2
Let q(a) = -a**3 - 11*a**2 - 9*a + 10. Let o be q(-10). Suppose o = z - 6 - 9. Calculate the highest common factor of 135 and z.
15
Let f = 104 - 64. What is the greatest common factor of f and 5?
5
Let r(q) = 2*q**2 - 12*q + 2. Let u be r(9). Calculate the highest common divisor of 14 and u.
14
Suppose 4*w = -2 - 6. Let a be (w - 0)/(5/(-50)). Let m = 64 - 44. Calculate the highest common factor of a and m.
20
Let h = 1 + -2. Let o(j) = 2*j + 2*j**2 - j + 7*j**2. Let u be o(h). Calculate the highest common divisor of u and 16.
8
Suppose -4*p - 10 = -46. Suppose 6*o = p*o - 6. What is the greatest common divisor of 3 and o?
1
Let t(g) = -9*g + 17. Let x(k) = 4*k - 9. Let q(j) = 2*t(j) + 5*x(j). Let m be q(9). What is the highest common factor of 1 and m?
1
Suppose 0 = -n - 0*n + 3. Suppose 0*k + 36 = n*k. Calculate the greatest common divisor of 6 and k.
6
Let p be (-9)/2 + 2/4. Let o be 110/p*4/(-5). What is the greatest common factor of o and 176?
22
Suppose t - o - 11 = 0, 3*t - o = 3*o + 35. Suppose 0*v - t = -3*v. What is the greatest common divisor of v and 3?
3
Let z(x) = -4*x**2 - 2*x + x + 2*x - 2*x**3. Let n be z(-4). What is the greatest common factor of 30 and n?
30
Suppose -4*u + 4*g = -32, 6*g = 3*g - 15. What is the greatest common divisor of u and 3?
3
Suppose 0 = 4*z - 134 - 122. What is the greatest common factor of 8 and z?
8
Suppose 0 = v - 0*v - 39. Let t be 3*4/6 + 11. Calculate the highest common factor of t and v.
13
Suppose -4*y + 130 = -5*t, -3*t + 0*t - 4*y = 46. Let n = 52 + t. Let i be (-20)/((-4 + -1)/5). Calculate the highest common divisor of i and n.
10
Let k be 1758/18 - 8/(-6). What is the greatest common divisor of 9 and k?
9
Let b(a) = a**3 + 9*a**2 + 3*a - 5. Suppose 0*w + 4*w = -28. Let f be b(w). Calculate the highest common factor of f and 24.
24
Suppose -3*g - 8 = -5*g. Suppose 9 = -g*z + 7*z. Calculate the greatest common factor of z and 6.
3
Suppose 5*n - 2*h = 25, -3*n = -4*h - 18 - 11. Suppose 14 + 10 = n*a. Let u be (-3 - -12) + 0 - -3. Calculate the greatest common divisor of a and u.
4
Suppose 0 = -c - 4, 3*c + 8 = a. Let r = a - -19. Let k be (2 + r - -2) + 1. Calculate the greatest common divisor of k and 4.
4
Let s(y) be the first derivative of -y**3/3 - y**2 + 3*y - 3. Let p be s(-3). Suppose -21 = -3*w - p*w. Calculate the highest common factor of 7 and w.
7
Suppose -l = -2*l + 11. What is the greatest common factor of l and 77?
11
Suppose -w - 3 = -4. Let g(y) = 7*y - 5 + w - 3. Let v be g(5). Calculate the highest common divisor of v and 42.
14
Suppose 1 = g - 5. Let q be (-213)/(-5) + (-6)/10. What is the highest common divisor of g and q?
6
Let x(w) = 2*w**3 - 3*w**2 - w - 5. Let d be x(5). Suppose 0*g + d = 5*g. What is the highest common divisor of g and 3?
3
Suppose t + 2*t - 480 = 0. Let x(c) = -c**3 - 10*c**2 - c + 10. Let w be x(-10). What is the greatest common factor of w and t?
20
Suppose -5 - 5 = -5*s, -1 = 3*j + s. Let o be 552/10 + j/5. Suppose 0 = w + 2, 3*u - 2*w = -4 + 23. Calculate the highest common divisor of u and o.
5
Suppose 9*o = 16*o - 840. Calculate the highest common divisor of 48 and o.
24
Let i be (2 + -1)/1*-1. Let l(w) = -1. Let h(b) = 44*b + 6. Let n(t) = -h(t) - 6*l(t). Let d be n(i). Calculate the highest common factor of 11 and d.
11
Let d be ((78 - -3)/(-3))/(-1). Let v = d + -16. Calculate the highest common divisor of v and 121.
11
Suppose 2*r - 177 = 143. Suppose 3*g - g - r = 0. Let d(n) = -n**3 - 8*n**2 - 9*n + 2. Let j be d(-7). Calculate the highest common divisor of g and j.
16
Let t be (-3 - (0 - -2)) + 3. Let l be 15 + ((-8)/4 - t). What is the greatest common factor of l and 10?
5
Let m be (-35)/(-10) + 2/4. Suppose -2*l = -m*l + 18. Let z be 18*-2*(-2)/4. What is the greatest common factor of l and z?
9
Suppose 6*b = 11*b - 25. Calculate the greatest common divisor of 2 and b.
1
Suppose 0 = -x - 0*x - n + 4, -5*n + 5 = 0. Suppose x - 12 = -w. What is the highest common factor of 9 and w?
9
Let d be 0/3 + (0 - -17). Suppose -4*y + 113 = d. Suppose 2*f - 3*b = -7*b + y, -b + 12 = 2*f. What is the greatest common divisor of 36 and f?
4
Let h be (-4)/2*(-225)/30. What is the highest common factor of 3 and h?
3
Suppose 5*r - 922 - 443 = 0. Calculate the highest common factor of 39 and r.
39
Let b(i) = 17*i - 5. Let c be b(5). Let v(q) = q**3 + 9*q**2 + 12*q + 7. Let x be v(-8). Let h = -15 - x. What is the highest common divisor of c and h?
10
Let p(m) = -2*m**2 - 5 + 1 - 8*m + 4*m**2 - 3*m**2. Let s be p(-6). Calculate the highest common factor of s and 1.
1
Let j be 6/(-7)*(-21)/6. Let x = j + 19. Calculate the greatest common factor of 176 and x.
22
Suppose -7*x + 3*x + 144 = 0. Suppose -d + 1 = -2*c, 3*c - 7 - 14 = -3*d. Suppose -3*j + 9 = -c*j. Calculate the greatest common factor of j and x.
9
Let p be 23/((-230)/12)*-10. Suppose 168 = 4*j + 3*y, 4*j + y = -j + 199. Let r = 135 - j. What is the greatest common divisor of p and r?
12
Let k be (-2)/(-2)*(20/4 + 83). Calculate the highest common factor of k and 16.
8
Let g(f) = -7 + f + 2 + f + 3. Let x be g(6). What is the greatest common divisor of x and 10?
10
Suppose 4*d - 60 = -4*f, -2*f - d + 41 - 6 = 0. Let c = 123 + -63. Suppose -c = -y - 2*y. Calculate the greatest common divisor of f and y.
20
Suppose 0 = -9*x + 344 + 88. Let k be (-2)/(-4)*(66 + -2). Calculate the highest common factor of k and x.
16
Let m(i) = -122*i. Let l be m(-2). Let u = l + -142. Suppose -4*x - 3*g = -68, -3*x + 6 = 5*g - 45. What is the highest common divisor of u and x?
17
Suppose -7*v + 72 = -v. What is the greatest common divisor of 6 and v?
6
Let u = 668 - 272. Suppose u = -v + 5*v. Suppose -5*j + 4*h = 5*h - 59, 0 = 3*j + 5*h - 53. C